[INFO] cloning repository https://github.com/yuyakanzaki/Payload-Web-Delivery-Metasploit-Framework
[INFO] running `Command { std: "git" "-c" "credential.helper=" "-c" "credential.helper=/workspace/cargo-home/bin/git-credential-null" "clone" "--bare" "https://github.com/yuyakanzaki/Payload-Web-Delivery-Metasploit-Framework" "/workspace/cache/git-repos/https%3A%2F%2Fgithub.com%2Fyuyakanzaki%2FPayload-Web-Delivery-Metasploit-Framework", kill_on_drop: false }`
[INFO] [stderr] Cloning into bare repository '/workspace/cache/git-repos/https%3A%2F%2Fgithub.com%2Fyuyakanzaki%2FPayload-Web-Delivery-Metasploit-Framework'...
[INFO] running `Command { std: "git" "rev-parse" "HEAD", kill_on_drop: false }`
[INFO] [stdout] 00227561ff5ee23939413be58250798a8cd366c4
[INFO] building yuyakanzaki/Payload-Web-Delivery-Metasploit-Framework against master#ff34b919075f35a1787659e9c448a34b06bab8de for issue-85264
[INFO] running `Command { std: "git" "clone" "/workspace/cache/git-repos/https%3A%2F%2Fgithub.com%2Fyuyakanzaki%2FPayload-Web-Delivery-Metasploit-Framework" "/workspace/builds/worker-3/source", kill_on_drop: false }`
[INFO] [stderr] Cloning into '/workspace/builds/worker-3/source'...
[INFO] [stderr] done.
[INFO] validating manifest of git repo https://github.com/yuyakanzaki/Payload-Web-Delivery-Metasploit-Framework on toolchain ff34b919075f35a1787659e9c448a34b06bab8de
[INFO] running `Command { std: "/workspace/cargo-home/bin/cargo" "+ff34b919075f35a1787659e9c448a34b06bab8de" "metadata" "--manifest-path" "Cargo.toml" "--no-deps", kill_on_drop: false }`
[INFO] started tweaking git repo https://github.com/yuyakanzaki/Payload-Web-Delivery-Metasploit-Framework
[INFO] finished tweaking git repo https://github.com/yuyakanzaki/Payload-Web-Delivery-Metasploit-Framework
[INFO] tweaked toml for git repo https://github.com/yuyakanzaki/Payload-Web-Delivery-Metasploit-Framework written to /workspace/builds/worker-3/source/Cargo.toml
[INFO] crate git repo https://github.com/yuyakanzaki/Payload-Web-Delivery-Metasploit-Framework already has a lockfile, it will not be regenerated
[INFO] running `Command { std: "/workspace/cargo-home/bin/cargo" "+ff34b919075f35a1787659e9c448a34b06bab8de" "fetch" "--manifest-path" "Cargo.toml", kill_on_drop: false }`
[INFO] running `Command { std: "docker" "create" "-v" "/var/lib/crater-agent-workspace/builds/worker-3/target:/opt/rustwide/target:rw,Z" "-v" "/var/lib/crater-agent-workspace/builds/worker-3/source:/opt/rustwide/workdir:ro,Z" "-v" "/var/lib/crater-agent-workspace/cargo-home:/opt/rustwide/cargo-home:ro,Z" "-v" "/var/lib/crater-agent-workspace/rustup-home:/opt/rustwide/rustup-home:ro,Z" "-e" "SOURCE_DIR=/opt/rustwide/workdir" "-e" "CARGO_TARGET_DIR=/opt/rustwide/target" "-e" "CARGO_HOME=/opt/rustwide/cargo-home" "-e" "RUSTUP_HOME=/opt/rustwide/rustup-home" "-w" "/opt/rustwide/workdir" "-m" "1610612736" "--user" "0:0" "--network" "none" "ghcr.io/rust-lang/crates-build-env/linux@sha256:20528e8c29e4536546f0102ce88568b16ea7538393a33fcca951030f7af10457" "/opt/rustwide/cargo-home/bin/cargo" "+ff34b919075f35a1787659e9c448a34b06bab8de" "metadata" "--no-deps" "--format-version=1", kill_on_drop: false }`
[INFO] [stdout] 6bea7dd80b74d8c70a7af3caab06ad0e000038ed747c71558e7ff8325895215f
[INFO] [stderr] WARNING: Your kernel does not support swap limit capabilities or the cgroup is not mounted. Memory limited without swap.
[INFO] running `Command { std: "docker" "start" "-a" "6bea7dd80b74d8c70a7af3caab06ad0e000038ed747c71558e7ff8325895215f", kill_on_drop: false }`
[INFO] running `Command { std: "docker" "inspect" "6bea7dd80b74d8c70a7af3caab06ad0e000038ed747c71558e7ff8325895215f", kill_on_drop: false }`
[INFO] running `Command { std: "docker" "rm" "-f" "6bea7dd80b74d8c70a7af3caab06ad0e000038ed747c71558e7ff8325895215f", kill_on_drop: false }`
[INFO] [stdout] 6bea7dd80b74d8c70a7af3caab06ad0e000038ed747c71558e7ff8325895215f
[INFO] running `Command { std: "docker" "create" "-v" "/var/lib/crater-agent-workspace/builds/worker-3/target:/opt/rustwide/target:rw,Z" "-v" "/var/lib/crater-agent-workspace/builds/worker-3/source:/opt/rustwide/workdir:ro,Z" "-v" "/var/lib/crater-agent-workspace/cargo-home:/opt/rustwide/cargo-home:ro,Z" "-v" "/var/lib/crater-agent-workspace/rustup-home:/opt/rustwide/rustup-home:ro,Z" "-e" "SOURCE_DIR=/opt/rustwide/workdir" "-e" "CARGO_TARGET_DIR=/opt/rustwide/target" "-e" "CARGO_INCREMENTAL=0" "-e" "RUST_BACKTRACE=full" "-e" "RUSTFLAGS=--cap-lints=forbid" "-e" "CARGO_HOME=/opt/rustwide/cargo-home" "-e" "RUSTUP_HOME=/opt/rustwide/rustup-home" "-w" "/opt/rustwide/workdir" "-m" "1610612736" "--user" "0:0" "--network" "none" "ghcr.io/rust-lang/crates-build-env/linux@sha256:20528e8c29e4536546f0102ce88568b16ea7538393a33fcca951030f7af10457" "/opt/rustwide/cargo-home/bin/cargo" "+ff34b919075f35a1787659e9c448a34b06bab8de" "build" "--frozen" "--message-format=json", kill_on_drop: false }`
[INFO] [stdout] 56423a1cf031b7ed6966ec51cf5d8e998959828c39b09b91ec79f73a7a3c7bbc
[INFO] [stderr] WARNING: Your kernel does not support swap limit capabilities or the cgroup is not mounted. Memory limited without swap.
[INFO] running `Command { std: "docker" "start" "-a" "56423a1cf031b7ed6966ec51cf5d8e998959828c39b09b91ec79f73a7a3c7bbc", kill_on_drop: false }`
[INFO] [stderr]     Blocking waiting for file lock on package cache
[INFO] [stderr]    Compiling user32-sys v0.2.0
[INFO] [stderr]    Compiling payload_yk v0.1.0 (/opt/rustwide/workdir)
[INFO] [stdout] error[E0425]: cannot find function, tuple struct or tuple variant `GetConsoleWindow` in crate `kernel32`
[INFO] [stdout]   --> src/main.rs:10:44
[INFO] [stdout]    |
[INFO] [stdout] 10 |     let console_window = unsafe {kernel32::GetConsoleWindow()};
[INFO] [stdout]    |                                            ^^^^^^^^^^^^^^^^ not found in `kernel32`
[INFO] [stdout] 
[INFO] [stdout] 
[INFO] [stdout] error[E0425]: cannot find function, tuple struct or tuple variant `ShowWindow` in crate `user32`
[INFO] [stdout]   --> src/main.rs:14:21
[INFO] [stdout]    |
[INFO] [stdout] 14 |             user32::ShowWindow(console_window, winapi::SW_HIDE);
[INFO] [stdout]    |                     ^^^^^^^^^^ not found in `user32`
[INFO] [stdout] 
[INFO] [stdout] 
[INFO] [stdout] error[E0425]: cannot find value `SW_HIDE` in crate `winapi`
[INFO] [stdout]   --> src/main.rs:14:56
[INFO] [stdout]    |
[INFO] [stdout] 14 |             user32::ShowWindow(console_window, winapi::SW_HIDE);
[INFO] [stdout]    |                                                        ^^^^^^^ not found in `winapi`
[INFO] [stdout] 
[INFO] [stdout] 
[INFO] [stdout] error: aborting due to 3 previous errors
[INFO] [stdout] 
[INFO] [stdout] 
[INFO] [stdout] For more information about this error, try `rustc --explain E0425`.
[INFO] [stdout] 
[INFO] [stderr] error: could not compile `payload_yk`
[INFO] [stderr] 
[INFO] [stderr] To learn more, run the command again with --verbose.
[INFO] running `Command { std: "docker" "inspect" "56423a1cf031b7ed6966ec51cf5d8e998959828c39b09b91ec79f73a7a3c7bbc", kill_on_drop: false }`
[INFO] running `Command { std: "docker" "rm" "-f" "56423a1cf031b7ed6966ec51cf5d8e998959828c39b09b91ec79f73a7a3c7bbc", kill_on_drop: false }`
[INFO] [stdout] 56423a1cf031b7ed6966ec51cf5d8e998959828c39b09b91ec79f73a7a3c7bbc
